{"id":788,"date":"2021-01-15T14:26:29","date_gmt":"2021-01-15T14:26:29","guid":{"rendered":"https:\/\/cafecreativ.ch\/?post_type=product&#038;p=788"},"modified":"2025-11-21T14:10:03","modified_gmt":"2025-11-21T14:10:03","slug":"buegelflaeschchen-200ml","status":"publish","type":"product","link":"https:\/\/cafecreativ.ch\/?product=buegelflaeschchen-200ml","title":{"rendered":"B\u00fcgelfl\u00e4schchen 200ml"},"content":{"rendered":"<p>Wie fr\u00fcher <img decoding=\"async\" src=\"https:\/\/cafecreativ.ch\/wp-content\/uploads\/images\/smilies\/cafecreativsmilie_42.gif\" \/><\/p>\n<p>B\u00fcgelflasche Klarglas, rund und handtlich.<\/p>\n","protected":false},"excerpt":{"rendered":"<p>200 ml<br \/>\n19 cm<br \/>\n1 St\u00fcck<br \/>\nleer<\/p>\n","protected":false},"featured_media":789,"template":"","meta":[],"product_brand":[],"product_cat":[97],"product_tag":[493,307,526,527,529,530,528],"class_list":{"0":"post-788","1":"product","2":"type-product","3":"status-publish","4":"has-post-thumbnail","6":"product_cat-glasflaeschchen","7":"product_tag-altered-art","8":"product_tag-dekoration","9":"product_tag-glasflaeschchen","10":"product_tag-halloween","11":"product_tag-likoer","12":"product_tag-liqueur","13":"product_tag-schnaps","14":"product_shipping_class-pauschal","16":"first","17":"instock","18":"shipping-taxable","19":"purchasable","20":"product-type-simple"},"_links":{"self":[{"href":"https:\/\/cafecreativ.ch\/index.php?rest_route=\/wp\/v2\/product\/788","targetHints":{"allow":["GET"]}}],"collection":[{"href":"https:\/\/cafecreativ.ch\/index.php?rest_route=\/wp\/v2\/product"}],"about":[{"href":"https:\/\/cafecreativ.ch\/index.php?rest_route=\/wp\/v2\/types\/product"}],"wp:featuredmedia":[{"embeddable":true,"href":"https:\/\/cafecreativ.ch\/index.php?rest_route=\/wp\/v2\/media\/789"}],"wp:attachment":[{"href":"https:\/\/cafecreativ.ch\/index.php?rest_route=%2Fwp%2Fv2%2Fmedia&parent=788"}],"wp:term":[{"taxonomy":"product_brand","embeddable":true,"href":"https:\/\/cafecreativ.ch\/index.php?rest_route=%2Fwp%2Fv2%2Fproduct_brand&post=788"},{"taxonomy":"product_cat","embeddable":true,"href":"https:\/\/cafecreativ.ch\/index.php?rest_route=%2Fwp%2Fv2%2Fproduct_cat&post=788"},{"taxonomy":"product_tag","embeddable":true,"href":"https:\/\/cafecreativ.ch\/index.php?rest_route=%2Fwp%2Fv2%2Fproduct_tag&post=788"}],"curies":[{"name":"wp","href":"https:\/\/api.w.org\/{rel}","templated":true}]}}