{"id":2391,"date":"2021-03-26T17:47:40","date_gmt":"2021-03-26T17:47:40","guid":{"rendered":"https:\/\/cafecreativ.ch\/?post_type=product&#038;p=2391"},"modified":"2025-11-13T17:06:41","modified_gmt":"2025-11-13T17:06:41","slug":"mini-zylinder-glasflaeschchen","status":"publish","type":"product","link":"https:\/\/cafecreativ.ch\/?product=mini-zylinder-glasflaeschchen","title":{"rendered":"Mini Zylinder Glasfl\u00e4schchen"},"content":{"rendered":"<p>Kleines zylinderf\u00f6rmiges Glasfl\u00e4schchen mit Korkverschluss,<br \/>\nGr\u00f6sse ca. 21x23mm<\/p>\n<p>&nbsp;<\/p>\n","protected":false},"excerpt":{"rendered":"<p>Zylinderf\u00f6rmiges Miniglasfl\u00e4schchen mit Korkverschluss<br \/>\nca. 21x23mm<br \/>\n1St\u00fcck<\/p>\n","protected":false},"featured_media":2326,"template":"","meta":[],"product_brand":[],"product_cat":[97,707],"product_tag":[774,307,526,776,708,576],"class_list":{"0":"post-2391","1":"product","2":"type-product","3":"status-publish","4":"has-post-thumbnail","6":"product_cat-glasflaeschchen","7":"product_cat-miniaturen","8":"product_tag-charm","9":"product_tag-dekoration","10":"product_tag-glasflaeschchen","11":"product_tag-glaszylinder","12":"product_tag-miniatur","13":"product_tag-schmuck","14":"product_shipping_class-pauschal","16":"first","17":"instock","18":"shipping-taxable","19":"purchasable","20":"product-type-simple"},"_links":{"self":[{"href":"https:\/\/cafecreativ.ch\/index.php?rest_route=\/wp\/v2\/product\/2391","targetHints":{"allow":["GET"]}}],"collection":[{"href":"https:\/\/cafecreativ.ch\/index.php?rest_route=\/wp\/v2\/product"}],"about":[{"href":"https:\/\/cafecreativ.ch\/index.php?rest_route=\/wp\/v2\/types\/product"}],"wp:featuredmedia":[{"embeddable":true,"href":"https:\/\/cafecreativ.ch\/index.php?rest_route=\/wp\/v2\/media\/2326"}],"wp:attachment":[{"href":"https:\/\/cafecreativ.ch\/index.php?rest_route=%2Fwp%2Fv2%2Fmedia&parent=2391"}],"wp:term":[{"taxonomy":"product_brand","embeddable":true,"href":"https:\/\/cafecreativ.ch\/index.php?rest_route=%2Fwp%2Fv2%2Fproduct_brand&post=2391"},{"taxonomy":"product_cat","embeddable":true,"href":"https:\/\/cafecreativ.ch\/index.php?rest_route=%2Fwp%2Fv2%2Fproduct_cat&post=2391"},{"taxonomy":"product_tag","embeddable":true,"href":"https:\/\/cafecreativ.ch\/index.php?rest_route=%2Fwp%2Fv2%2Fproduct_tag&post=2391"}],"curies":[{"name":"wp","href":"https:\/\/api.w.org\/{rel}","templated":true}]}}