{"id":204,"date":"2025-11-13T15:18:03","date_gmt":"2025-11-13T15:18:03","guid":{"rendered":"https:\/\/cafecreativ.ch\/?post_type=product&#038;p=204"},"modified":"2025-11-13T15:18:03","modified_gmt":"2025-11-13T15:18:03","slug":"cleocol-25g","status":"publish","type":"product","link":"https:\/\/cafecreativ.ch\/?product=cleocol-25g","title":{"rendered":"Cl\u00e9ocol 25g"},"content":{"rendered":"<p>Cl\u00e9ocol von Cl\u00e9op\u00e2tre<br \/>\nKlebt alle por\u00f6sen Werkstoffe<br \/>\nExtra stark<br \/>\nSchnelle Haftung<\/p>\n<p>Cleocol wurde urspr\u00fcnglich f\u00fcr Buchbinde- und Rahmenarbeiten entwickelt.<br \/>\nCl\u00e9ocol ist ein extra starker, weisser Polyvinylkleber f\u00fcr alle por\u00f6sen Materialien mit neutralem pH-Wert.<br \/>\nTrocknet schnell und wellt nicht das Papier.<br \/>\nDer ideale Leim f\u00fcr Kartonagen, Buchbinde- und Rahmenarbeiten.<br \/>\nCleocol eignet sich auch zum kleben von Porzellan und Steingut.<\/p>\n<p>Anwendung:<br \/>\nTip: Beide Klebefl\u00e4chen einstreichen, 5 Min abwarten und dann fest zusammendr\u00fccken.<br \/>\nGeeignet f\u00fcr por\u00f6se Materialien wie Papier, Karton, Holz, Terrakotta, Steingut, aber auch Plastik und Schaumstoff.<br \/>\nBis zu 5% mit Wasser verd\u00fcnnbar.<br \/>\nGebrauchstemperatur &gt; 20\u00b0C.<br \/>\nEndg\u00fcltige Haftung: 5 bis 10 Min.<\/p>\n<p>100% L\u00f6semittelfrei<br \/>\n100% S\u00e4urefrei<br \/>\nFormaldehydfrei<br \/>\nAuf Wasserbasis<br \/>\nDIN EN 71-3 Standard<br \/>\nWerkzeuge mit Seifenwasser reinigen.<br \/>\nHergestellt in Frankreich<\/p>\n","protected":false},"excerpt":{"rendered":"<p>Inhalt: 25g<\/p>\n","protected":false},"featured_media":3830,"template":"","meta":[],"product_brand":[],"product_cat":[163],"product_tag":[162,165,168,156,155,167,166,164],"class_list":{"0":"post-204","1":"product","2":"type-product","3":"status-publish","4":"has-post-thumbnail","6":"product_cat-bastelleim","7":"product_tag-basteln","8":"product_tag-buchbinderleim","9":"product_tag-kartenbasteln","10":"product_tag-kleber","11":"product_tag-leim","12":"product_tag-scrapbooking","13":"product_tag-verbrauchsmaterial","14":"product_tag-weissleim","15":"product_shipping_class-pauschal","17":"first","18":"instock","19":"shipping-taxable","20":"purchasable","21":"product-type-simple"},"_links":{"self":[{"href":"https:\/\/cafecreativ.ch\/index.php?rest_route=\/wp\/v2\/product\/204","targetHints":{"allow":["GET"]}}],"collection":[{"href":"https:\/\/cafecreativ.ch\/index.php?rest_route=\/wp\/v2\/product"}],"about":[{"href":"https:\/\/cafecreativ.ch\/index.php?rest_route=\/wp\/v2\/types\/product"}],"wp:featuredmedia":[{"embeddable":true,"href":"https:\/\/cafecreativ.ch\/index.php?rest_route=\/wp\/v2\/media\/3830"}],"wp:attachment":[{"href":"https:\/\/cafecreativ.ch\/index.php?rest_route=%2Fwp%2Fv2%2Fmedia&parent=204"}],"wp:term":[{"taxonomy":"product_brand","embeddable":true,"href":"https:\/\/cafecreativ.ch\/index.php?rest_route=%2Fwp%2Fv2%2Fproduct_brand&post=204"},{"taxonomy":"product_cat","embeddable":true,"href":"https:\/\/cafecreativ.ch\/index.php?rest_route=%2Fwp%2Fv2%2Fproduct_cat&post=204"},{"taxonomy":"product_tag","embeddable":true,"href":"https:\/\/cafecreativ.ch\/index.php?rest_route=%2Fwp%2Fv2%2Fproduct_tag&post=204"}],"curies":[{"name":"wp","href":"https:\/\/api.w.org\/{rel}","templated":true}]}}