{"id":1942,"date":"2021-02-09T13:55:14","date_gmt":"2021-02-09T13:55:14","guid":{"rendered":"https:\/\/cafecreativ.ch\/?post_type=product&#038;p=1942"},"modified":"2025-11-13T13:47:10","modified_gmt":"2025-11-13T13:47:10","slug":"glanzlack-fuer-kerzen","status":"publish","type":"product","link":"https:\/\/cafecreativ.ch\/?product=glanzlack-fuer-kerzen","title":{"rendered":"Glanzlack f\u00fcr Kerzen"},"content":{"rendered":"<p>Sch\u00fctzt dekorierte Kerzen und verleiht eine gl\u00e4nzende Oberfl\u00e4che. Schnelltrocknend, l\u00f6sungsmittelfrei.<\/p>\n","protected":false},"excerpt":{"rendered":"<p>25ml<br \/>\nL\u00f6sungsmittelfrei<\/p>\n","protected":false},"featured_media":1950,"template":"","meta":[],"product_brand":[],"product_cat":[47,90],"product_tag":[549,154,496],"class_list":{"0":"post-1942","1":"product","2":"type-product","3":"status-publish","4":"has-post-thumbnail","6":"product_cat-lacke","7":"product_cat-zubehoer-kerzen-machen","8":"product_tag-kerzen-ziehen","9":"product_tag-lack","10":"product_tag-zubehoer","11":"product_shipping_class-pauschal","13":"first","14":"instock","15":"shipping-taxable","16":"purchasable","17":"product-type-simple"},"_links":{"self":[{"href":"https:\/\/cafecreativ.ch\/index.php?rest_route=\/wp\/v2\/product\/1942","targetHints":{"allow":["GET"]}}],"collection":[{"href":"https:\/\/cafecreativ.ch\/index.php?rest_route=\/wp\/v2\/product"}],"about":[{"href":"https:\/\/cafecreativ.ch\/index.php?rest_route=\/wp\/v2\/types\/product"}],"wp:featuredmedia":[{"embeddable":true,"href":"https:\/\/cafecreativ.ch\/index.php?rest_route=\/wp\/v2\/media\/1950"}],"wp:attachment":[{"href":"https:\/\/cafecreativ.ch\/index.php?rest_route=%2Fwp%2Fv2%2Fmedia&parent=1942"}],"wp:term":[{"taxonomy":"product_brand","embeddable":true,"href":"https:\/\/cafecreativ.ch\/index.php?rest_route=%2Fwp%2Fv2%2Fproduct_brand&post=1942"},{"taxonomy":"product_cat","embeddable":true,"href":"https:\/\/cafecreativ.ch\/index.php?rest_route=%2Fwp%2Fv2%2Fproduct_cat&post=1942"},{"taxonomy":"product_tag","embeddable":true,"href":"https:\/\/cafecreativ.ch\/index.php?rest_route=%2Fwp%2Fv2%2Fproduct_tag&post=1942"}],"curies":[{"name":"wp","href":"https:\/\/api.w.org\/{rel}","templated":true}]}}