{"id":1641,"date":"2021-01-27T09:27:29","date_gmt":"2021-01-27T09:27:29","guid":{"rendered":"https:\/\/cafecreativ.ch\/?post_type=product&#038;p=1641"},"modified":"2025-11-09T13:17:33","modified_gmt":"2025-11-09T13:17:33","slug":"izink-dye-the","status":"publish","type":"product","link":"https:\/\/cafecreativ.ch\/?product=izink-dye-the","title":{"rendered":"IZINK Dye Th\u00e9"},"content":{"rendered":"<p>IZINK Dye sind die Refiller f\u00fcr die Stempelkissen.<br \/>\nSie haben jedoch einen Spr\u00fchkopf, man kann sie also enorm gut f\u00fcr alles benutzen, was eine enorme Farbintensit\u00e4t ben\u00f6tigt.<br \/>\nPur oder verd\u00fcnnt &#8211; wie es Dir gef\u00e4llt!<\/p>\n","protected":false},"excerpt":{"rendered":"<p>IZINK Dye<br \/>\n15ml<\/p>\n","protected":false},"featured_media":1594,"template":"","meta":[],"product_brand":[],"product_cat":[620],"product_tag":[493,602,137,623,596,600,612,186,624,167,603,625],"class_list":{"0":"post-1641","1":"product","2":"type-product","3":"status-publish","4":"has-post-thumbnail","6":"product_cat-izink-dye-ink","7":"product_tag-altered-art","8":"product_tag-beige","9":"product_tag-braun","10":"product_tag-dye","11":"product_tag-dyeink","12":"product_tag-hellbraun","13":"product_tag-izink","14":"product_tag-mixed-media","15":"product_tag-refiller","16":"product_tag-scrapbooking","17":"product_tag-teadye","18":"product_tag-tinte","19":"product_shipping_class-pauschal","21":"first","22":"instock","23":"shipping-taxable","24":"purchasable","25":"product-type-simple"},"_links":{"self":[{"href":"https:\/\/cafecreativ.ch\/index.php?rest_route=\/wp\/v2\/product\/1641","targetHints":{"allow":["GET"]}}],"collection":[{"href":"https:\/\/cafecreativ.ch\/index.php?rest_route=\/wp\/v2\/product"}],"about":[{"href":"https:\/\/cafecreativ.ch\/index.php?rest_route=\/wp\/v2\/types\/product"}],"wp:featuredmedia":[{"embeddable":true,"href":"https:\/\/cafecreativ.ch\/index.php?rest_route=\/wp\/v2\/media\/1594"}],"wp:attachment":[{"href":"https:\/\/cafecreativ.ch\/index.php?rest_route=%2Fwp%2Fv2%2Fmedia&parent=1641"}],"wp:term":[{"taxonomy":"product_brand","embeddable":true,"href":"https:\/\/cafecreativ.ch\/index.php?rest_route=%2Fwp%2Fv2%2Fproduct_brand&post=1641"},{"taxonomy":"product_cat","embeddable":true,"href":"https:\/\/cafecreativ.ch\/index.php?rest_route=%2Fwp%2Fv2%2Fproduct_cat&post=1641"},{"taxonomy":"product_tag","embeddable":true,"href":"https:\/\/cafecreativ.ch\/index.php?rest_route=%2Fwp%2Fv2%2Fproduct_tag&post=1641"}],"curies":[{"name":"wp","href":"https:\/\/api.w.org\/{rel}","templated":true}]}}